 digit of d?
1
Suppose -2*p - 14932 = -118988. What is the units digit of p?
8
Let b = 6293 - 3257. What is the hundreds digit of b?
0
Let o = 1408 + -121. Suppose -5*y = 2*w - 509, 5*w - y - y - o = 0. Suppose 4*l - k - w = -0*l, 0 = -3*l + 2*k + 199. What is the units digit of l?
3
Let k(s) = 2*s**3 + 16*s**2 + 3*s - 8. Let d(i) = -i**2 + 6*i + 9. Let u be d(-2). Let l be k(u). Let b = -42 + l. What is the units digit of b?
7
Suppose -2*v = v - k - 1, 2*k = 4. What is the units digit of v + 474 - (-63 + 58)?
0
Suppose 4*n + 2 = 3*n. Let c be ((-1)/n)/((-2)/(-84)). What is the tens digit of (-502)/3*(-3 + c/14)?
5
Let i be -1 + (-225)/4 + (-1)/(-4). Let f = -53 - i. What is the tens digit of (1 + (-14)/f)*(-40)/2?
5
Let r(j) = 36*j**3 + 3*j**2 + j + 2. Let y be r(4). Let i = y - 1672. What is the units digit of i?
6
Let r(l) = 10*l. Let i be r(-1). Let q(g) be the first derivative of -15*g**2/2 - 21*g + 1711. What is the hundreds digit of q(i)?
1
Let v be 16 + -12 + (0 - 2) - 7. Let j(t) = 2*t**2 - 10*t - 17. What is the units digit of j(v)?
3
Let t(h) = 6*h - 31. Let k be t(6). Suppose -k*x + 497 + 168 = -5*f, 5*f + 677 = -x. Let v = 233 + f. What is the units digit of v?
8
Let j be (4/(-6))/((-18)/(-81)). Let w be (-324)/8 + 0 + j/(-6). Let n = w + 67. What is the units digit of n?
7
Let b be 278 + 1/(-2)*8 + 4. Suppose -b = -z - 0*z. What is the hundreds digit of z?
2
Suppose 4*b - 6*i + 7*i = 12533, 3*i - 3 = 0. What is the hundreds digit of b?
1
Let s(q) = 4955*q - 42. What is the tens digit of s(2)?
6
Let r(g) = g**3 + 13*g**2 - 14*g - 27. Let o be r(-14). What is the units digit of (-2)/(-2)*(27 + o/(-3))?
6
Let l(d) = 3649*d**2 + 16*d - 19. What is the thousands digit of l(1)?
3
Let p be ((-4)/6)/(((-10)/36)/(-5)). What is the hundreds digit of (-173)/(-1) + (3 - p/(-4))?
1
Suppose 50*d = 52*d - 12. Suppose -d*n = -15*n. Suppose n = 5*c + 3*s - 117, -2*s = -5*c + 3*c + 50. What is the units digit of c?
4
Suppose 2*n = 10, -5*n = c - 2*n - 1267. Suppose 31*q = 35*q - c. What is the tens digit of q?
1
Let v = 164 + 1440. What is the hundreds digit of v?
6
Let f(d) = d + 3. Let b be f(-1). Let i be (10/b)/(-6 - -7). Suppose -2*z = -4*c - 192, -8*c + 3*c = -i*z + 505. What is the tens digit of z?
0
Suppose -136 = -18*u + 26*u. What is the units digit of 0 + 3 + (-17)/u - -136?
0
Let f(x) = x + 24. Let g be (-2)/(-3) + 273/9. Suppose -g*r = -36*r - 25. What is the units digit of f(r)?
9
Let i(l) = l**2 - 4. Suppose 4*o - 2 = 4*v - 10, 10 = -5*o - 2*v. Let j be i(o). Let r(t) = 4*t + 9. What is the units digit of r(j)?
9
Suppose 0 = -0*x + 6*x - 24. Suppose 0 = -x*b + 4*z + 1828, -1830 = -b - 3*b + 3*z. What is the tens digit of b?
5
What is the hundreds digit of (-3)/(-12) - 2534505/(-380)?
6
Suppose -7*c + 9*c - 4 = 0, 0 = -5*f - 5*c + 40. Suppose -f*x - 110 = -1514. What is the units digit of x?
4
Suppose 0 = s - 3*d + 4*d - 17676, -5 = -d. What is the ten thousands digit of s?
1
Let m be 2*4 + 19 + -12. Suppose -m*b = -14*b - 5*h - 902, -4*h + 4568 = 5*b. What is the hundreds digit of b?
9
Let r be (-45)/(-7) + ((-16)/28)/(-1). Suppose -r*t - 709 = -3320. What is the hundreds digit of t?
3
Let k(t) = 4*t + 3*t**2 + t - 4*t. Let f be 3*(3 + (-1 - 39/9)). What is the hundreds digit of k(f)?
1
Suppose 0*g - 8*g = -g. Suppose -v + g*v + 323 = 2*h, 4*h = -4*v + 1280. What is the units digit of v?
7
Let n = 527 + -522. Suppose 53 = 4*i + n*w, 3*i + 79 = 8*i + 2*w. What is the tens digit of i?
1
Suppose 3*o - 15360 = -2*j + o, 0 = -3*j - o + 23044. Suppose 248 + j = 5*l. What is the tens digit of l?
8
Let o = -193 - -295. Suppose -2*r - 1 = -h + 29, 2*r + o = 3*h. Suppose -h*b = -39*b + 42. What is the units digit of b?
4
Suppose -2*x - 7*v = -5*v + 10, 2*v = -5*x - 16. Let s = x - -4. What is the tens digit of (22 + s)/((-2)/(-11))?
3
Suppose 0 = 7*d - 14 - 21. Suppose 2377 = d*p + 417. What is the hundreds digit of p?
3
Suppose 6305*i - 6289*i = 102304. What is the units digit of i?
4
Let w(t) = -243*t + 15. Let r be w(4). Let u = r - -1513. What is the tens digit of u?
5
What is the units digit of 4/10 + ((-7416)/10)/(-1)?
2
Let q(h) = -6*h - 34. Suppose 0 = -2*p - 23 - 15. Let w be q(p). Suppose 5*z = 4*l - w, 4*l + 80 = 8*l + 4*z. What is the units digit of l?
0
Let j = 19315 + -15738. What is the hundreds digit of j?
5
Suppose -j + 407 + 154 = 0. Suppose j + 99 = 4*u. Suppose -2*r + 104 = 2*a, -5*a + 5*r + 95 = -u. What is the tens digit of a?
5
Suppose -78*b + 66*b + 36 = 0. Suppose -1245 = -5*y + b*y + 5*z, -3 = z. What is the hundreds digit of y?
6
Let y be (-2)/(-12) - 23/(-6). What is the tens digit of 6/y*(-5 - -169)?
4
Let n(q) = -q**2 + 2*q. Let u be n(3). Let s be 4/4 + 1 + u. What is the tens digit of (-82)/s - 0/(-4)?
8
Let a(q) = 4*q - 68. Let j be a(18). Suppose j*f - 7812 = -17*f. What is the tens digit of f?
7
Suppose 20 = -5*k + 9*k. Suppose -6*p + 662 = 3*v - 4*p, 0 = -k*v - p + 1108. What is the tens digit of v?
2
Let q(f) = -29 + 2*f + 16*f**2 - 20*f**2 - 14*f + 7*f**2. Let o be q(12). Suppose -5*n = -3*i + o, 4*n + 421 = 5*i + n. What is the units digit of i?
3
Let r be (-77)/(-4) + 3/4. Suppose -r*h + 12 = -18*h. Suppose 0 = -h*y + 5*y + 8. What is the units digit of y?
8
Let q = 88 + -77. What is the hundreds digit of ((-6)/4)/(q/(-3894))?
5
What is the units digit of ((-21705)/18*(-340)/(-425))/((-4)/318)?
1
Suppose 45*c = -214 + 799. Suppose 8*g = -a + c*g + 324, -2*g + 1539 = 5*a. What is the tens digit of a?
0
Let p be (-1)/(1/(-2)) - 0/18. Suppose p*c = 5*j - 10, 0*c = -3*j - c + 17. Suppose 0 = j*a + 79 - 487. What is the tens digit of a?
0
Let p(t) = 2*t**3 - 2*t**2 + 5*t - 3. Let z be p(1). Let l(q) = 19*q - 9 + 6*q + 3*q**3 - 6*q + 16*q**z - 2*q**3. What is the hundreds digit of l(-14)?
1
Suppose 55*k = -153*k + 4025008. What is the tens digit of k?
5
Let k(d) = 590*d + 564. What is the units digit of k(12)?
4
Let q(o) = 10*o + 10. Let g be q(4). Let v = g + 15. Suppose -2*y + 14 - v = -n, 2*n = -y + 112. What is the tens digit of n?
5
Suppose 2*g - 1239 = -5*t + 5*g, 0 = 5*t + 2*g - 1249. Suppose -13572 = t*f - 262*f. What is the tens digit of f?
4
Let v = -12158 + 17280. What is the tens digit of v?
2
Suppose -1897*u + 3422 = -1896*u. What is the units digit of u?
2
Suppose 9*n - 75*n = -3336502 + 760522. What is the ten thousands digit of n?
3
Let x(d) = -75*d + 2. Let f be x(-2). Let c be ((-15)/35)/(62/(-28) + 2). Suppose -5*u + 404 = -0*u - 3*j, -2*u - c*j = -f. What is the units digit of u?
9
Suppose 56 = -8*p + 10*p. Let z = p + -25. What is the tens digit of -18*(-19)/z*(-3)/(-3)?
1
Suppose -8 = -g - y + 454, y = 3. Suppose 439 = w + 5*r, -6*r = -w - r + g. What is the hundreds digit of w?
4
Let t(u) be the first derivative of -u**3/3 + u**2/2 + 9*u + 1. Suppose 14*l - 54 = -l - 3*l. What is the units digit of t(l)?
3
Suppose -1158*d - 121068 = -1234*d. What is the hundreds digit of d?
5
Let h(c) = 62*c - 29*c**3 + 82*c**3 + 37*c**2 - 25*c**3 - 27*c**3 + 44. What is the units digit of h(-35)?
4
What is the tens digit of (3/(18/15) + -2)/((-5)/(-314820))?
8
Let a(n) = 7*n**2 + n - 13. Suppose 8 = 2*l - 6. What is the tens digit of a(l)?
3
Let q(r) = -r**3 + 43*r**2 - 41*r + 49. Let f be q(40). Suppose -9*j + 2641 = -f. What is the hundreds digit of j?
6
Let j = 49 + -50. What is the hundreds digit of (j + 11)/((-3)/(-96))?
3
Let p = 23 - 20. Suppose -3 = p*o - 12. Suppose 0 = -6*x + x - o*d + 177, -4*x = -4*d - 148. What is the units digit of x?
6
Suppose 299*t = 342*t - 185244. What is the units digit of t?
8
Suppose 4*x - 5542 = 3*c, -4159 = -3*x - 48*c + 49*c. What is the thousands digit of x?
1
Let m be (-23)/5 - 15/(-25). Let w be -1 - 2/m*6. Suppose -y + 48 = -4*k - 30, -w*y = -5*k - 144. What is the units digit of y?
2
Let c(o) = -109*o + 10. Let g be 6/(-42) + 26/(-14). Let p be c(g). Suppose h = -5*y + p, 3*h + 2*h - 240 = -5*y. What is the units digit of y?
5
Let o = -32 + 27. Let y be 122 + o/(-5)*-4. Suppose 5*n - 7*n = -3*p + 346, p - y = 2*n. What is the units digit of p?
4
Suppose -24*f - 231903 = -51*f. What is the tens digit of f?
8
What is the hundreds digit of (1588/(-5))/(29/(-290))?
1
Suppose -11*v - 3*z - 15 = -8*v, -5*v - 4*z - 27 = 0. What is the units digit of ((-5)/2)/